of m?
2
Suppose 2 + 2 = 2*i. Suppose 2*x - 96 = -i*x. What is the tens digit of x?
2
Suppose -2*h + 3 = h. Let b(y) = 6*y + 1. What is the units digit of b(h)?
7
Let x = 145 + -93. What is the units digit of x?
2
Let d = 54 - 32. Let s = 35 - d. Suppose 3*t + 15 = m, 4*m - s = 3*t + 47. What is the tens digit of m?
1
What is the tens digit of (1 + 3)*(-10)/(-4)?
1
Let z(c) = c**2 - 2*c + 2. Let x be z(4). Let o = 11 - x. Let i(l) = 6*l**3 - 2*l**2 + 1. What is the units digit of i(o)?
5
Let d(o) = -5*o**3 - 2*o**2 + 1. Let w be d(1). Let g(j) be the first derivative of -j**2/2 - 5*j + 9. What is the units digit of g(w)?
1
Let a(y) = -y**2 - 21*y - 11. What is the units digit of a(-19)?
7
Let d = -263 + 373. What is the tens digit of d?
1
Let a(n) = 7*n**2 - 7*n - 15. Let l(j) = 3*j**2 - 4*j - 8. Let q(p) = 2*a(p) - 5*l(p). What is the units digit of q(7)?
3
Let a(o) = -o**3 + o**2 + o + 1. Let d be a(-1). Suppose -4*w = -2*u, 4*u + 0*u - d*w + 12 = 0. Let f = u + 5. What is the units digit of f?
1
Let x(a) be the third derivative of 0 + 2*a**2 + 1/15*a**5 + 0*a - 1/24*a**4 - 1/120*a**6 - 1/6*a**3. What is the units digit of x(2)?
5
Let c(q) = -3*q - 1. Let b be c(-1). Let d be ((-42)/9)/(b/3). What is the units digit of (d - -1)/((-3)/4)?
8
Let s(p) = p**2 + 4*p + 3. Suppose 5*g = 2*q - 11, g = q + 2 - 0. What is the tens digit of s(q)?
2
Suppose 5*t - 2*t + 736 = 4*n, 3*t = -2*n + 350. What is the units digit of n?
1
Suppose 3*r = -r + 16. Suppose -6 = -3*t - 2*w, -t = 5*w - 19 + r. Suppose 5*q + t*q = 5*y, 0 = 3*y + 4*q - 7. What is the units digit of y?
1
Suppose 4*l = -2*n + 28, -2*l + n + 3 + 3 = 0. Let q(u) = 2*u**2 - 3*u + 5. Let r be q(l). Let g = r + -23. What is the units digit of g?
7
Let f(o) = 63*o + 2. Let t be f(2). Suppose u = 2*w - 2*u - 54, -5*w + 4*u = -t. What is the tens digit of w?
2
Let s be (24/10)/(6/(-20)). Let p = s - -11. Suppose -k = p*k - 8. What is the units digit of k?
2
Let z be -1*8/10*-20. Let s = 33 - z. What is the tens digit of s?
1
Suppose -2*u - u = 2*m - 114, -u = 0. What is the tens digit of m?
5
Let r(f) = -f**3 - f**2 + 13. Suppose 3*m + 8 = 4*t, 2*m + 2*t - 2 = 2. Let y be r(m). Let a = y + -2. What is the units digit of a?
1
Let x = 1 + 2. Let d(p) = -p**3 + 5*p**2 - p - 2. What is the units digit of d(x)?
3
Let b = 56 - 33. Suppose -2*q + b = -7. Suppose 0 = -3*r + q. What is the units digit of r?
5
Let q = 7 + 52. What is the units digit of q?
9
Let j(g) = -g + 2. Let a be j(2). Suppose a = -6*s + 5*s + 10. Let f = -3 + s. What is the units digit of f?
7
Let j = 477 + -259. What is the units digit of j?
8
Let d = 16 - 14. Suppose d*r - 140 = -3*r. What is the units digit of r?
8
Suppose 0 = -3*v + 5*t + 28, v - 16 = -0*v + 3*t. Let m = v + 5. What is the units digit of m?
6
Suppose w - 5*y - 22 = 0, -4*y = 5*w + 7 - 1. Let k(n) = -3*n**2 + 4*n**2 + 4 + 4*n + w. What is the units digit of k(-4)?
6
Let x be (12 + -2)*1/(-2). Let k(b) = -2*b + 5. What is the tens digit of k(x)?
1
Let f be (-14)/(-3) - 1/(-3). Suppose -5*y + d = -11 - 30, -f*y + 25 = -5*d. What is the units digit of (y/(-6))/(3/(-16))?
8
Let z be -1 + (-1)/((-3)/30). Let g = z - 3. What is the units digit of g?
6
Let m be (-17)/(-3) - 2/(-6). Let o be (-20)/6 - (-2)/m. What is the units digit of 0*o/(-9) - -1?
1
Let f be (0 - -3)*(-16)/(-12). Let z be 6/f*4/2. Suppose -4*t - z*s = -45, 6*s - 2*s = -20. What is the tens digit of t?
1
Let n(q) = 5*q - 3. Let z(r) = -4*r - 2*r + 0 + 5*r + 1. Let h(x) = -n(x) - 4*z(x). What is the units digit of h(-5)?
4
Let t = 43 - 42. What is the units digit of t?
1
Let a be (-6)/14 - (-60)/(-7). Let n(k) = k**2 + 9*k + 11. What is the tens digit of n(a)?
1
Suppose 8*h - 3*h = 15. Suppose h*u - 31 = 2*u. What is the tens digit of u?
3
Let o(h) = 3*h**2 + h. Let g be o(3). Suppose -4*a = -3*a - g. What is the units digit of a?
0
Suppose g = 7 + 3. Let u be g/(-3)*(-3)/2. Suppose -5*m = 5*o + u, -4*o + o - 2*m + 2 = 0. What is the units digit of o?
4
Let c be -4*(-3 - (0 + -2)). Let f(t) = t**3 - 4*t - 3. Let m be f(c). Suppose -5*o + m = 10. What is the units digit of o?
7
Let k(l) = -l**2 - 8*l + 1. Let d be k(-7). Suppose -5*m + 12 = -d. Suppose -5 = -m*g - g + 4*v, -2*g + 2 = -3*v. What is the units digit of g?
1
Suppose j = 39 + 42. What is the tens digit of j?
8
Let g(w) be the third derivative of w**4/24 - w**3/6 - 3*w**2. Let a(u) = -6*u**3 - u - 1. Let j be a(-1). What is the units digit of g(j)?
5
Suppose -x = -0*x - 4. Suppose -5*f - 10 = x*z, 4 = -2*f + 3*z + z. What is the units digit of (-2)/((-4)/f - 4)?
1
Let w = 14 - -122. What is the units digit of w?
6
Suppose -s = -2*w - 6, -2*w + 12 = s + s. What is the units digit of 1/((-3)/s) - -33?
1
Let o be -57 + (0 - (2 + -1)). Let s = o + 35. Let l = -15 - s. What is the units digit of l?
8
Let l(b) = -3*b + 25. What is the tens digit of l(-8)?
4
Let o(y) = y**3 + 8*y**2 - 3*y - 1. Let k be o(-8). Let f = 32 - k. What is the units digit of f?
9
Let d(v) = 3*v**2 - 2. What is the units digit of d(-2)?
0
Let u(q) = q**3 + 9*q**2 - 7*q + 2. Let j be u(-8). Suppose -5*b + 2*x = -135 - 67, -3*b = -x - j. What is the tens digit of b?
4
Suppose 78 = 6*w - 4*w + 4*n, -5*w = -3*n - 169. Suppose -w = -a - 4*f, 4*a = a + f + 66. What is the tens digit of a?
2
Suppose -z = 2, 4*a - 168 = 3*z + z. What is the units digit of a?
0
Let h(c) = 1 + 2 - 5 + 6*c. Let q be (-1)/3 - (-80)/24. What is the units digit of h(q)?
6
Suppose 0 = 5*t + 3*o - 19, 7 = -t + 4*o - 3. Let w(h) = 6*h - 5. What is the units digit of w(t)?
7
Suppose -248 = -5*k + 3*k. What is the tens digit of k?
2
Let v(r) = -r**2 + 13*r - 7. Let a be v(14). Let m = a - -38. What is the units digit of m?
7
Let l(g) = 23*g**3 + g. What is the units digit of l(1)?
4
Let o(n) = -n**3 - 5*n**2 - 18*n - 68. What is the units digit of o(-6)?
6
What is the units digit of (-12)/(-66) + (-1215)/(-33)?
7
Let g = 104 - 52. Suppose 2*s + g = 6*s. What is the tens digit of s?
1
Suppose 228 = 4*v - 0*v. What is the units digit of v?
7
Let i be (-6)/(-27) - 4/18. Suppose 4*p = 2*l - 12, -5*l + l + 5*p + 24 = i. What is the units digit of l?
6
Let u = 4 + 0. Let c = 14 + u. Suppose 5*z = -3 + c. What is the units digit of z?
3
Suppose -o = 2*c - 1, -3*o + 2 = 2*c - 1. Suppose 0 = k + o + 4. Let p(b) = b + 12. What is the units digit of p(k)?
7
Let s = 0 + 1. Suppose -2*w - w - 13 = -2*u, 0 = -u + 4*w + 14. Let d = u + s. What is the units digit of d?
3
Suppose y + y + u = 30, 0 = -4*y - 5*u + 72. Suppose 4*d - y = -t, -2*t + 5*d = -14 + 1. What is the units digit of t?
9
Suppose 5*f - 3 + 13 = 0. Let v(w) = -2*w**2 - 2*w - 3. Let n(d) = d**2 + 1. Let g(s) = -n(s) - v(s). What is the units digit of g(f)?
2
Let z = -6 + 6. Suppose -p = 2*j - 46 - 5, z = 2*j - 5*p - 81. What is the tens digit of j?
2
Suppose 3 + 12 = 5*w. Suppose 0 = w*y + v + 12 + 11, -2*y - 13 = 3*v. Let a(b) = b + 17. What is the units digit of a(y)?
9
Let u(m) = -10*m**3 - m**2 + m - 2. Let c be u(-2). Suppose 4*p - c = 16. What is the tens digit of p?
2
Let c(h) = -h**2 + 4*h + 6. Let o be c(5). Let m be -3 + 2 - (-6 + o). Suppose -m*q - 1 = -17. What is the units digit of q?
4
Suppose 108 = -3*i + 7*i. Let s = 10 + i. What is the tens digit of s?
3
Let x(l) = -l**3 - 5*l**2 + 5*l - 4. What is the units digit of x(-6)?
2
Suppose -3 = -v + 11. Let b be 162/21 - (-4)/v. Suppose 3*h - 26 + b = 0. What is the units digit of h?
6
Suppose 0 = b + 2*b. Let y(o) be the third derivative of o**5/60 + 4*o**3/3 + 17*o**2. What is the units digit of y(b)?
8
Suppose 10*h - 7*h - 311 = -4*k, 2*h - 210 = -4*k. What is the hundreds digit of h?
1
Let p(h) be the third derivative of h**4/24 + h**3/2 - h**2. Suppose 12 = 4*u, 4*y + 3*u - 24 = -u. What is the units digit of p(y)?
6
Let z(h) = -h + 3. Let k = 15 + -11. Suppose -c + 5*d = k*d - 1, 0 = 4*c - 2*d + 4. What is the units digit of z(c)?
6
Let w be (4/(-3))/4*-12. Suppose 0 = -2*s + 10, w*s - 48 = -k - s. What is the units digit of k?
3
Let i = -14 - -21. Let l = 17 - 12. Suppose -g = n - 3*g - i, -4*n + l*g = -43. What is the units digit of n?
7
Let m(n) = n**2 + 2*n - 4. What is the units digit of m(-4)?
4
Let v(j) = -1 + 3*j**3 + 0*j**2 - 2*j**3 + 2*j**2 - 3*j. What is the units digit of v(-2)?
